{"id":225,"date":"2021-09-03T19:02:24","date_gmt":"2021-09-03T19:02:24","guid":{"rendered":"https:\/\/alanconter.anabweb.com\/?page_id=225"},"modified":"2021-09-08T14:45:19","modified_gmt":"2021-09-08T14:45:19","slug":"textes","status":"publish","type":"page","link":"https:\/\/alanconter.com\/?page_id=225&lang=fr","title":{"rendered":"Textes"},"content":{"rendered":"<p>[et_pb_section fb_built=&#8221;1&#8243; _builder_version=&#8221;4.10.6&#8243; _module_preset=&#8221;default&#8221; use_background_color_gradient=&#8221;on&#8221; background_color_gradient_start=&#8221;#010c21&#8243; background_color_gradient_end=&#8221;#376996&#8243; background_color_gradient_direction=&#8221;45deg&#8221; background_color_gradient_overlays_image=&#8221;on&#8221; background_image=&#8221;https:\/\/alanconter.com\/wp-content\/uploads\/2021\/08\/bk.jpg&#8221; background_position=&#8221;center_right&#8221; background_blend=&#8221;color&#8221; custom_padding=&#8221;1vw||1vw||false|false&#8221; locked=&#8221;off&#8221; global_colors_info=&#8221;{}&#8221;][et_pb_row _builder_version=&#8221;4.10.5&#8243; _module_preset=&#8221;default&#8221; global_colors_info=&#8221;{}&#8221;][et_pb_column type=&#8221;4_4&#8243; _builder_version=&#8221;4.10.5&#8243; _module_preset=&#8221;default&#8221; global_colors_info=&#8221;{}&#8221;][et_pb_text _builder_version=&#8221;4.10.5&#8243; _module_preset=&#8221;default&#8221; header_font=&#8221;|600|||||||&#8221; text_orientation=&#8221;center&#8221; background_layout=&#8221;dark&#8221; global_colors_info=&#8221;{}&#8221;]<\/p>\n<h1>Textes<\/h1>\n<p>[\/et_pb_text][\/et_pb_column][\/et_pb_row][\/et_pb_section][et_pb_section fb_built=&#8221;1&#8243; _builder_version=&#8221;4.10.5&#8243; _module_preset=&#8221;default&#8221; locked=&#8221;off&#8221; global_colors_info=&#8221;{}&#8221;][et_pb_row _builder_version=&#8221;4.10.5&#8243; _module_preset=&#8221;default&#8221; global_colors_info=&#8221;{}&#8221;][et_pb_column type=&#8221;4_4&#8243; _builder_version=&#8221;4.10.5&#8243; _module_preset=&#8221;default&#8221; global_colors_info=&#8221;{}&#8221;][et_pb_text _builder_version=&#8221;4.10.6&#8243; _module_preset=&#8221;default&#8221; hover_enabled=&#8221;0&#8243; global_colors_info=&#8221;{}&#8221; sticky_enabled=&#8221;0&#8243;]<\/p>\n<p>Les mots comptent\u2026 m\u00eame dans notre culture de l\u2019\u00e9cran.<\/p>\n<p>Un texte concis et \u00e9l\u00e9gant, fid\u00e8le \u00e0 ce que vous voulez communiquer, est plus important que jamais. Vos lecteurs sont press\u00e9s. Je pr\u00f4ne une \u00e9criture qui minimise le jargon, \u00e9limine les mots \u00e0 la mode, mais souvent obscurs. En revanche, je propose des textes qui vous refl\u00e8tent et communiquent vos objectifs et votre ouverture d\u2019esprit. J\u2019offre \u00e9galement des services de r\u00e9vision.<\/p>\n<p>Que ce soit un discours, un rapport annuel, la sc\u00e9narisation de publicit\u00e9s ou de vid\u00e9os, j\u2019accorde une attention particuli\u00e8re aux couleurs et au contexte afin de m\u2019assurer que ce qui sort dans le public, associ\u00e9 \u00e0 votre nom, est fid\u00e8le \u00e0 votre caract\u00e8re et vos valeurs<\/p>\n<p>[\/et_pb_text][\/et_pb_column][\/et_pb_row][\/et_pb_section][et_pb_section fb_built=&#8221;1&#8243; _builder_version=&#8221;4.10.5&#8243; _module_preset=&#8221;default&#8221; background_color=&#8221;#e6f1f9&#8243; locked=&#8221;off&#8221; global_colors_info=&#8221;{}&#8221;][et_pb_row column_structure=&#8221;1_2,1_2&#8243; _builder_version=&#8221;4.10.5&#8243; _module_preset=&#8221;default&#8221; global_colors_info=&#8221;{}&#8221;][et_pb_column type=&#8221;1_2&#8243; _builder_version=&#8221;4.10.5&#8243; _module_preset=&#8221;default&#8221; global_colors_info=&#8221;{}&#8221;][et_pb_text _builder_version=&#8221;4.10.6&#8243; _module_preset=&#8221;default&#8221; header_3_line_height=&#8221;1.6em&#8221; hover_enabled=&#8221;0&#8243; global_colors_info=&#8221;{}&#8221; sticky_enabled=&#8221;0&#8243;]<\/p>\n<h3>Quelques projets :<\/h3>\n<ul class=\"star\">\n<li>Histoire comm\u00e9morative marquant le 80<sup>e<\/sup> anniversaire de Schering-Plough Canada<\/li>\n<li>Rapports annuels Croix-Bleue Qu\u00e9bec<\/li>\n<li>Air Liquide Ing\u00e9nierie et Construction<\/li>\n<li>\u00c9ditoriaux<\/li>\n<li>Discours pour les membres de la direction de Pfizer Canada, Abbott Laboratories, Schering-Plough, CAE, BCE, Molson-Coors, ainsi que pour des ministres f\u00e9d\u00e9raux.<\/li>\n<\/ul>\n<p>[\/et_pb_text][\/et_pb_column][et_pb_column type=&#8221;1_2&#8243; _builder_version=&#8221;4.10.5&#8243; _module_preset=&#8221;default&#8221; global_colors_info=&#8221;{}&#8221;][et_pb_image src=&#8221;https:\/\/alanconter.com\/wp-content\/uploads\/2021\/09\/pen3.png&#8221; title_text=&#8221;pen3&#8243; align=&#8221;center&#8221; _builder_version=&#8221;4.10.6&#8243; _module_preset=&#8221;default&#8221; width=&#8221;100%&#8221; global_colors_info=&#8221;{}&#8221;][\/et_pb_image][\/et_pb_column][\/et_pb_row][\/et_pb_section]<\/p>\n","protected":false},"excerpt":{"rendered":"<p>TextesLes mots comptent\u2026 m\u00eame dans notre culture de l\u2019\u00e9cran. Un texte concis et \u00e9l\u00e9gant, fid\u00e8le \u00e0 ce que vous voulez communiquer, est plus important que jamais. Vos lecteurs sont press\u00e9s. Je pr\u00f4ne une \u00e9criture qui minimise le jargon, \u00e9limine les mots \u00e0 la mode, mais souvent obscurs. En revanche, je propose des textes qui vous [&hellip;]<\/p>\n","protected":false},"author":1,"featured_media":0,"parent":0,"menu_order":0,"comment_status":"closed","ping_status":"closed","template":"","meta":{"_et_pb_use_builder":"on","_et_pb_old_content":"","_et_gb_content_width":"","footnotes":""},"class_list":["post-225","page","type-page","status-publish","hentry"],"_links":{"self":[{"href":"https:\/\/alanconter.com\/index.php?rest_route=\/wp\/v2\/pages\/225","targetHints":{"allow":["GET"]}}],"collection":[{"href":"https:\/\/alanconter.com\/index.php?rest_route=\/wp\/v2\/pages"}],"about":[{"href":"https:\/\/alanconter.com\/index.php?rest_route=\/wp\/v2\/types\/page"}],"author":[{"embeddable":true,"href":"https:\/\/alanconter.com\/index.php?rest_route=\/wp\/v2\/users\/1"}],"replies":[{"embeddable":true,"href":"https:\/\/alanconter.com\/index.php?rest_route=%2Fwp%2Fv2%2Fcomments&post=225"}],"version-history":[{"count":7,"href":"https:\/\/alanconter.com\/index.php?rest_route=\/wp\/v2\/pages\/225\/revisions"}],"predecessor-version":[{"id":284,"href":"https:\/\/alanconter.com\/index.php?rest_route=\/wp\/v2\/pages\/225\/revisions\/284"}],"wp:attachment":[{"href":"https:\/\/alanconter.com\/index.php?rest_route=%2Fwp%2Fv2%2Fmedia&parent=225"}],"curies":[{"name":"wp","href":"https:\/\/api.w.org\/{rel}","templated":true}]}}