{"id":213,"date":"2021-09-03T18:56:44","date_gmt":"2021-09-03T18:56:44","guid":{"rendered":"https:\/\/alanconter.anabweb.com\/?page_id=213"},"modified":"2021-09-09T13:53:08","modified_gmt":"2021-09-09T13:53:08","slug":"strategie","status":"publish","type":"page","link":"https:\/\/alanconter.com\/?page_id=213&lang=fr","title":{"rendered":"Strat\u00e9gie"},"content":{"rendered":"<p>[et_pb_section fb_built=&#8221;1&#8243; _builder_version=&#8221;4.10.6&#8243; _module_preset=&#8221;default&#8221; use_background_color_gradient=&#8221;on&#8221; background_color_gradient_start=&#8221;#010c21&#8243; background_color_gradient_end=&#8221;#376996&#8243; background_color_gradient_direction=&#8221;45deg&#8221; background_color_gradient_overlays_image=&#8221;on&#8221; background_image=&#8221;https:\/\/alanconter.com\/wp-content\/uploads\/2021\/08\/bk.jpg&#8221; background_position=&#8221;center_right&#8221; background_blend=&#8221;color&#8221; custom_padding=&#8221;1vw||1vw||false|false&#8221; locked=&#8221;off&#8221; global_colors_info=&#8221;{}&#8221;][et_pb_row _builder_version=&#8221;4.10.5&#8243; _module_preset=&#8221;default&#8221; global_colors_info=&#8221;{}&#8221;][et_pb_column type=&#8221;4_4&#8243; _builder_version=&#8221;4.10.5&#8243; _module_preset=&#8221;default&#8221; global_colors_info=&#8221;{}&#8221;][et_pb_text _builder_version=&#8221;4.10.5&#8243; _module_preset=&#8221;default&#8221; header_font=&#8221;|600|||||||&#8221; text_orientation=&#8221;center&#8221; background_layout=&#8221;dark&#8221; global_colors_info=&#8221;{}&#8221;]<\/p>\n<h1>Strat\u00e9gie<\/h1>\n<p>[\/et_pb_text][\/et_pb_column][\/et_pb_row][\/et_pb_section][et_pb_section fb_built=&#8221;1&#8243; _builder_version=&#8221;4.10.5&#8243; _module_preset=&#8221;default&#8221; locked=&#8221;off&#8221; global_colors_info=&#8221;{}&#8221;][et_pb_row _builder_version=&#8221;4.10.5&#8243; _module_preset=&#8221;default&#8221; global_colors_info=&#8221;{}&#8221;][et_pb_column type=&#8221;4_4&#8243; _builder_version=&#8221;4.10.5&#8243; _module_preset=&#8221;default&#8221; global_colors_info=&#8221;{}&#8221;][et_pb_text _builder_version=&#8221;4.10.6&#8243; _module_preset=&#8221;default&#8221; global_colors_info=&#8221;{}&#8221;]Une strat\u00e9gie de communication coh\u00e9rente qui refl\u00e8te vos valeurs est essentielle pour rejoindre et convaincre votre public. Je travaille en \u00e9troite collaboration avec votre \u00e9quipe afin de mieux cerner vos objectifs et d\u2019\u00e9laborer un plan de court, moyen et long termes. Vous voulez recentrer votre fa\u00e7on d\u2019aborder les communications internes pour les rendre plus efficaces ? S\u2019agit-il des communications externes avec vos clients ou autres publics ? Mon r\u00f4le est d\u2019assurer que votre message soit entendu et accueilli avec confiance. Une crise m\u00e9diatique fait irruption ? Je peux vous conseiller. <\/p>\n<p>Je poss\u00e8de plus de 18 ann\u00e9es d\u2019exp\u00e9rience en affaires publiques chez CBC et Radio-Canada. Et depuis pr\u00e8s de 20 ans, comme conseiller aupr\u00e8s de divers clients, j\u2019ai acquis une bonne id\u00e9e des messages qui fonctionnent et \u2014 accessoirement \u2014 de ceux qui ne marchent pas.[\/et_pb_text][\/et_pb_column][\/et_pb_row][\/et_pb_section][et_pb_section fb_built=&#8221;1&#8243; _builder_version=&#8221;4.10.5&#8243; _module_preset=&#8221;default&#8221; background_color=&#8221;#e6f1f9&#8243; locked=&#8221;off&#8221; global_colors_info=&#8221;{}&#8221;][et_pb_row column_structure=&#8221;1_2,1_2&#8243; _builder_version=&#8221;4.10.5&#8243; _module_preset=&#8221;default&#8221; global_colors_info=&#8221;{}&#8221;][et_pb_column type=&#8221;1_2&#8243; _builder_version=&#8221;4.10.5&#8243; _module_preset=&#8221;default&#8221; custom_padding=&#8221;||||false|false&#8221; global_colors_info=&#8221;{}&#8221;][et_pb_text _builder_version=&#8221;4.10.6&#8243; _module_preset=&#8221;default&#8221; header_3_line_height=&#8221;1.5em&#8221; hover_enabled=&#8221;0&#8243; global_colors_info=&#8221;{}&#8221; sticky_enabled=&#8221;0&#8243;]<\/p>\n<h3>Quelques projets :<\/h3>\n<ul class=\"star\">\n<li>Esri Canada \u2013 j\u2019ai contribu\u00e9 \u00e0 mettre en valeur dans les m\u00e9dias canadiens le leadership de cette soci\u00e9t\u00e9 sur des sujets n\u00e9vralgiques de politiques publiques canadiennes<\/li>\n<li>BDC \u2013 formation des cadres des ressources humaines pour am\u00e9liorer les communications internes avec les parties prenantes de la Banque<\/li>\n<li>United Technologies Aerospace Systems \u2013 r\u00e9daction d\u2019un nouvel \u00e9nonc\u00e9 de mission et d\u2019une d\u00e9clinaison des valeurs, suite de l\u2019acquisition d\u2019une autre soci\u00e9t\u00e9 afin de faciliter la coh\u00e9sion des \u00e9quipes au sein de la nouvelle structure\u00a0<\/li>\n<\/ul>\n<p>[\/et_pb_text][\/et_pb_column][et_pb_column type=&#8221;1_2&#8243; _builder_version=&#8221;4.10.5&#8243; _module_preset=&#8221;default&#8221; global_colors_info=&#8221;{}&#8221;][et_pb_image src=&#8221;https:\/\/alanconter.com\/wp-content\/uploads\/2021\/09\/strategy-img.png&#8221; title_text=&#8221;strategy-img&#8221; align=&#8221;center&#8221; _builder_version=&#8221;4.10.6&#8243; _module_preset=&#8221;default&#8221; width=&#8221;100%&#8221; global_colors_info=&#8221;{}&#8221;][\/et_pb_image][\/et_pb_column][\/et_pb_row][\/et_pb_section]<\/p>\n","protected":false},"excerpt":{"rendered":"<p>Strat\u00e9gieUne strat\u00e9gie de communication coh\u00e9rente qui refl\u00e8te vos valeurs est essentielle pour rejoindre et convaincre votre public. Je travaille en \u00e9troite collaboration avec votre \u00e9quipe afin de mieux cerner vos objectifs et d\u2019\u00e9laborer un plan de court, moyen et long termes. Vous voulez recentrer votre fa\u00e7on d\u2019aborder les communications internes pour les rendre plus efficaces [&hellip;]<\/p>\n","protected":false},"author":1,"featured_media":0,"parent":0,"menu_order":0,"comment_status":"closed","ping_status":"closed","template":"","meta":{"_et_pb_use_builder":"on","_et_pb_old_content":"","_et_gb_content_width":"","footnotes":""},"class_list":["post-213","page","type-page","status-publish","hentry"],"_links":{"self":[{"href":"https:\/\/alanconter.com\/index.php?rest_route=\/wp\/v2\/pages\/213","targetHints":{"allow":["GET"]}}],"collection":[{"href":"https:\/\/alanconter.com\/index.php?rest_route=\/wp\/v2\/pages"}],"about":[{"href":"https:\/\/alanconter.com\/index.php?rest_route=\/wp\/v2\/types\/page"}],"author":[{"embeddable":true,"href":"https:\/\/alanconter.com\/index.php?rest_route=\/wp\/v2\/users\/1"}],"replies":[{"embeddable":true,"href":"https:\/\/alanconter.com\/index.php?rest_route=%2Fwp%2Fv2%2Fcomments&post=213"}],"version-history":[{"count":10,"href":"https:\/\/alanconter.com\/index.php?rest_route=\/wp\/v2\/pages\/213\/revisions"}],"predecessor-version":[{"id":287,"href":"https:\/\/alanconter.com\/index.php?rest_route=\/wp\/v2\/pages\/213\/revisions\/287"}],"wp:attachment":[{"href":"https:\/\/alanconter.com\/index.php?rest_route=%2Fwp%2Fv2%2Fmedia&parent=213"}],"curies":[{"name":"wp","href":"https:\/\/api.w.org\/{rel}","templated":true}]}}